of 890?
True
Is 882944307 a multiple of 27?
True
Is 40 a factor of 100412555?
False
Is 55 a factor of 37030345?
True
Is 146953280 a multiple of 20?
True
Is 9551341 a multiple of 1413?
False
Is 12752763 a multiple of 203?
False
Is 32077676 a multiple of 827?
True
Is 159471254 a multiple of 242?
False
Is 1319129253 a multiple of 9?
True
Does 1073 divide 558586632?
True
Does 3520 divide 61663360?
True
Is 166435560 a multiple of 648?
True
Is 40241760 a multiple of 2080?
True
Is 23051010 a multiple of 645?
True
Is 102004510 a multiple of 10?
True
Does 14 divide 143857574?
True
Does 502 divide 612310484?
True
Is 2449795286 a multiple of 626?
True
Is 15816237 a multiple of 7?
False
Is 528781270 a multiple of 5?
True
Is 73 a factor of 1515335971?
True
Is 141011170 a multiple of 10?
True
Does 244 divide 10955844?
True
Is 862597092 a multiple of 14?
True
Does 25 divide 202711150?
True
Is 2895318170 a multiple of 133?
False
Is 40423914 a multiple of 402?
True
Is 26 a factor of 365187420?
True
Is 698560624 a multiple of 1112?
True
Does 36 divide 900667116?
True
Is 3478106 a multiple of 118?
False
Is 2492 a factor of 168860412?
True
Is 55728195 a multiple of 345?
True
Does 74 divide 321059582?
True
Does 16 divide 151178421?
False
Does 188 divide 741660?
True
Is 12 a factor of 110645461?
False
Does 3 divide 141675?
True
Does 270 divide 774224190?
True
Is 48896986 a multiple of 1858?
True
Does 23 divide 90356167?
True
Is 1327776531 a multiple of 91?
False
Does 24 divide 155554464?
True
Is 10 a factor of 10323653?
False
Is 18434940 a multiple of 380?
True
Is 1222877660 a multiple of 1180?
True
Does 215 divide 1720232258?
False
Is 45414 a multiple of 41?
False
Does 58 divide 12433507?
False
Is 466 a factor of 13253104?
False
Is 1012 a factor of 36020235?
False
Does 102 divide 2448451694?
False
Is 329959150 a multiple of 479?
True
Is 107808465 even?
False
Is 33 a factor of 491497446?
True
Is 34 a factor of 48803491?
False
Is 224 a factor of 1603252448?
True
Is 8 a factor of 42480564?
False
Does 7848 divide 37376837?
False
Is 42 a factor of 40231250?
False
Is 55375433 a multiple of 67?
True
Is 1348611852 a multiple of 2478?
True
Is 13866442 a multiple of 71?
True
Is 93 a factor of 690130711?
False
Is 267064878 a multiple of 30?
False
Is 42684537 a multiple of 147?
True
Is 322012000 a multiple of 152?
True
Is 44 a factor of 1961138300?
True
Is 18 a factor of 360070325?
False
Does 29 divide 31350737?
False
Is 47751905 a multiple of 67?
True
Does 3849 divide 49459650?
True
Does 21 divide 1309995519?
True
Is 232 a factor of 417814136?
True
Does 62 divide 121204064?
False
Is 2628978529 a multiple of 19?
True
Is 6915810 a multiple of 10?
True
Is 26278423 a multiple of 5?
False
Does 10 divide 78187850?
True
Is 13418392 a multiple of 571?
False
Does 254 divide 1786083044?
False
Is 1781140054 a multiple of 128?
False
Is 138 a factor of 2182150116?
True
Is 974 a factor of 64234326?
True
Is 225 a factor of 13981725?
True
Does 400 divide 300967218?
False
Is 83079478 a multiple of 211?
False
Is 464 a factor of 399637632?
True
Is 868736344 a multiple of 28?
True
Does 4265 divide 44877001?
False
Is 84102405 a multiple of 3079?
False
Is 9 a factor of 84519331?
False
Is 182 a factor of 9952086?
False
Is 483 a factor of 29985278?
False
Is 124 a factor of 14122234?
False
Is 3284 a factor of 142561724?
True
Is 714476758 a multiple of 13?
False
Does 3343 divide 323591216?
False
Does 650 divide 120250650?
True
Is 19 a factor of 32182796?
False
Is 3076586 a multiple of 533?
False
Is 7 a factor of 1209489372?
True
Is 23821677 a multiple of 109?
False
Is 4 a factor of 21842328?
True
Is 77 a factor of 348148647?
True
Is 157468346 a multiple of 4247?
False
Is 1671 a factor of 192942379?
False
Is 1855289728 a multiple of 16?
True
Does 56 divide 184206232?
True
Is 46 a factor of 729076678?
True
Is 16289172 a multiple of 751?
False
Is 148 a factor of 300572164?
True
Does 2193 divide 1365398077?
False
Is 3395990 a multiple of 151?
True
Is 260838882 a multiple of 1422?
True
Does 943 divide 2388134286?
False
Is 120207901 a multiple of 10?
False
Does 15 divide 286654395?
True
Is 2400 a factor of 131859054?
False
Does 3984 divide 3223839093?
False
Is 13465 a factor of 2845525620?
False
Is 4726948380 a multiple of 33?
True
Does 27 divide 1440452592?
True
Is 422 a factor of 969628134?
True
Is 223289875 a multiple of 2225?
True
Is 257074417 a multiple of 423?
False
Does 161 divide 10216990?
False
Is 3 a factor of 281133539?
False
Is 671 a factor of 110875552?
False
Is 282193200 a multiple of 2465?
True
Is 310841010 a multiple of 45?
True
Is 1092733080 a multiple of 626?
True
Is 5730213 a multiple of 73?
False
Is 88 a factor of 346754688?
False
Does 481 divide 12468963?
True
Is 6 a factor of 114788881?
False
Does 705 divide 24962338?
False
Does 71 divide 514349642?
False
Is 944511450 a multiple of 150?
True
Is 1476902 a multiple of 80?
False
Does 19 divide 20068546?
False
Does 5 divide 61599587?
False
Is 9 a factor of 73034991?
True
Is 115 a factor of 650188026?
False
Is 31 a factor of 1229666274?
True
Does 43 divide 92476187?
True
Is 3063550 a multiple of 35?
True
Does 11 divide 35444305?
False
Does 41 divide 506429827?
True
Does 740 divide 2566814043?
False
Is 49591038 a multiple of 42?
True
Does 521 divide 25028698?
False
Does 7572 divide 2472571955?
False
Is 588 a factor of 30012696?
True
Is 28 a factor of 29218196?
True
Is 2324475024 a multiple of 674?
True
Does 61 divide 36615364?
False
Does 9 divide 42908436?
True
Is 50 a factor of 31186250?
True
Is 2655 a factor of 558643860?
True
Is 65667391 a multiple of 7?
False
Does 21 divide 114197727?
True
Does 2557 divide 472449219?
True
Does 1077 divide 2909511424?
False
Is 32 a factor of 28185989?
False
Is 2 a factor of 5204790?
True
Does 1010 divide 452131211?
False
Is 4921 a factor of 69436485?
False
Is 4554182220 a multiple of 15?
True
Is 4520 a factor of 167624200?
True
Is 61 a factor of 4390766?
False
Is 268463776 a multiple of 7?
True
Is 163 a factor of 2116791676?
True
Is 1618 a factor of 12874861?
False
Is 142 a factor of 24087256?
False
Does 23 divide 45162141?
False
Does 160 divide 136428960?
True
Is 20189538 a multiple of 54?
False
Is 13 a factor of 2214472?
True
Is 3147358824 a multiple of 744?
True
Is 29 a factor of 18915721?
False
Does 90 divide 1849345383?
False
Does 11 divide 28990522?
True
Does 17 divide 4734823?
True
Does 20 divide 70421960?
True
Is 11738720 a multiple of 1504?
True
Does 19 divide 25094060?
True
Is 2036773648 a multiple of 728?
True
Does 334 divide 88186688?
True
Is 820809000 a multiple of 1000?
True
Does 399 divide 642860782?
False
Is 228089341 a multiple of 61?
False
Is 17 a factor of 4262262959?
False
Is 31003803 a multiple of 81?
True
Is 64 a factor of 37791451?
False
Is 88 a factor of 354446470?
False
Is 10115985 a multiple of 25?
False
Is 50 a factor of 1376442?
False
Is 87 a factor of 291489150?
True
Does 22 divide 151911166?
True
Is 61840882 a multiple of 39?
False
Does 632 divide 68787512?
True
Is 216885782 a multiple of 21?
False
Is 17879994 a multiple of 93?
True
Does 15 divide 185325466?
False
Is 148910288 a multiple of 16?
True
Is 180 a factor of 112631620?
False
Is 114 a factor of 140454156?
True
Is 4 a factor of 184487140?
True
Does 31 divide 18441994?
False
Is 15 a factor of 153568290?
True
Is 136 a factor of 2346931328?
True
Does 23 divide 224957664?
True
Is 505896036 a multiple of 128?
False
Is 141 a factor of 7260795?
True
Is 138 a factor of 5557812?
True
Is 766053360 a multiple of 89?
False
Is 70 a factor of 7267540?
True
Is 1899 a factor of 58760757?
True
Does 33 divide 29796624?
True
Is 321367860 a multiple of 909?
True
Is 2 a factor of 954721?
False
Is 645 a factor of 859052959?
False
Is 100 a factor of 72130700?
True
Is 48897057 a multiple of 703?
False
Is 3551114931 a multiple of 7917?
True
Is 142 a factor of 11728860?
False
Is 604908 a multiple of 81?
True
Does 878 divide 126322250?
True
Does 9 divide 151450740?
True
Is 2 a factor of 13062397?
False
Is 108 a factor of 763183296?
True
Does 10 divide 293765611?
False
Is 171818010 a multiple of 14?
True
Is 7569863 a multiple of 17?
False
Is 13 a factor of 3625188?
False
Is 11 a factor of 5516720?
True
Is 2269356261 a multiple of 10?
False